c = -728, 4*t - 5*c = 256 + 504. Calculate the greatest common factor of 10 and t.
5
Let b(a) = 2*a**2 + 3*a - 4. Let x be b(-3). Suppose 2*j + x*j - 119 = 0. What is the highest common factor of j and 17?
17
Let g be 2/(-6) + (-364)/(-156). Suppose -65 = -g*d + l, 2*d + 0*d = 3*l + 63. Calculate the highest common factor of 11 and d.
11
Let x = -275 - -140. Let s = 224 + x. Let l = s + -53. What is the greatest common divisor of 48 and l?
12
Let u(g) = g**2 + 26*g + 4. Let r be u(-19). Let t = r + 215. Calculate the highest common divisor of t and 129.
43
Let t be 7 - 10 - (-318 + 0). Let z = 327 - t. What is the highest common factor of 126 and z?
6
Let r(m) = 21*m**3 - 3*m**2 - m - 6. Let d be r(2). What is the greatest common divisor of d and 1998?
74
Suppose 5*c - 3*c - 29 = 3*d, 0 = -5*c + 4*d + 55. Suppose 5*o - c*o = 2*z - 88, 3*o - 93 = -2*z. Calculate the greatest common divisor of z and 65.
13
Let c(i) = i**3 - 23*i**2 + 7*i - 13. Let n be c(24). Let r = n - 346. What is the highest common factor of r and 77?
77
Let c = 5733 - 5397. Calculate the greatest common divisor of c and 525.
21
Let w be ((-12)/(-18))/(5/(-270)*-3). Suppose -18 = -s + 5*l + w, 4*s = -4*l + 192. What is the greatest common factor of s and 15?
15
Let d(v) = -13*v - 69. Suppose -32 = 2*w - 4*c, w - 3*c - 20 = 5*w. Let r be d(w). Calculate the highest common divisor of r and 245.
35
Suppose -2*q = 4*h - 904, 0 = -3*q + 2*q + 4*h + 434. Let m be 1 + 15/(-20) + q/8. Suppose w = 62 - m. What is the highest common divisor of w and 3?
3
Let i = 270 + -275. Let q be i/2 - 730/(-4). Calculate the greatest common factor of q and 36.
36
Let m be ((-16)/(-20))/((-2)/(-780)). Let x = m - 165. What is the highest common divisor of x and 42?
21
Let p be 58/(-493) + 1/(51/13878) - -3. What is the highest common divisor of 88 and p?
11
Let v be (-5)/(85/(-3043)) + -18. Calculate the highest common factor of v and 7889.
161
Suppose 11*b - 34 - 32 = 0. Let h(w) = 30*w - 150. Let c be h(b). Calculate the greatest common divisor of 10 and c.
10
Let u(s) = s**2 - 44*s - 109. Let k be u(51). What is the highest common factor of k and 16?
8
Let i be (5 - (25 + -25)) + 5 + 0. Suppose 0*z + z = 0. Let t = z + i. What is the highest common factor of t and 80?
10
Suppose -12*t + 100 - 40 = 0. Suppose -z + 201 = 4*o, t*z + o = 445 + 579. Suppose -z = -9*j + 371. What is the highest common divisor of 16 and j?
16
Let f = -5855 - -5861. What is the highest common factor of f and 5622?
6
Suppose 0 = -4*p + 132 - 100. Suppose -2*j + 30 = p*j. Suppose 4*d + 3*i = 2*d + 35, -d - j*i = -10. What is the highest common factor of d and 275?
25
Let c be 3*(1 - 33/(-3)). Suppose -519 = -94*b + 87 + 146. What is the greatest common divisor of b and c?
4
Let g = -9877 + 9929. Calculate the highest common divisor of g and 1170.
26
Let c(r) = 1 + 7*r**2 + 26*r + 0 + 2 - 9*r. Let k be c(7). Let i be k/25 - 4/(-10). Calculate the highest common divisor of i and 19.
19
Let c(o) = -72*o + 156. Let z be c(-2). Calculate the greatest common divisor of 24 and z.
12
Suppose 7*j - 9*j = -80. Let d(k) = -3*k + 38. Let a be d(12). Let o be 462/21 + a + -4 + 0. Calculate the highest common divisor of o and j.
20
Suppose -7*a = -224 - 84. Let p = a - 45. Let l(j) = -26*j**3 - 2*j**2 + j + 2. Let y be l(p). Calculate the greatest common factor of y and 25.
25
Suppose 4*g - 32*g + 644 = -84. Calculate the greatest common factor of g and 3055.
13
Let k be (2 + 8)/(-2)*(0 + -1). Let l be (5 - 35/k) + 26. What is the greatest common divisor of l and 192?
24
Let m be (14027 + 1)/(1*((1 - -9) + -8)). Calculate the greatest common factor of 84 and m.
42
Let p = 2549 + -592. What is the highest common divisor of p and 76?
19
Let s = -16885 - -21169. What is the highest common divisor of s and 196?
28
Let w(i) = 23*i**2 + 1464*i - 46. Let c be w(-65). Calculate the greatest common factor of c and 537.
179
Let d(t) = -15*t**2 + 1037*t - 113. Let b be d(69). Suppose -3*w = -3*h - 30, 4*h - 42 = -2*w + 8. What is the greatest common divisor of b and w?
5
Let u be ((-1972)/(-85))/((-22)/(-55)). Let s be 48/(-2 - -4)*-2. Let h = s + u. What is the highest common divisor of 20 and h?
10
Let y = 425 - 95. Suppose -31*b + y = -b. Calculate the highest common factor of 55 and b.
11
Suppose 2*a = h - 62, 128 = 2*h - a - 4*a. Suppose 12*o = 18*o - h. Calculate the greatest common factor of o and 423.
9
Suppose 0 = 5*b - 4*s + 10*s - 2363, 3*b + 3*s - 1419 = 0. What is the highest common divisor of 200 and b?
25
Let d = -83 - -131. Let s be (-8)/2 + (-383396)/(-3838) - (-5)/((-285)/(-6)). Calculate the greatest common divisor of d and s.
48
Suppose 0 = -3*t + 5*u + 89, -5*t + 1 + 134 = -5*u. Suppose -28*m + t*m + 155 = 0. Suppose -28*h - 3 = -m*h. What is the greatest common factor of h and 13?
1
Let x(m) = m - 7. Let c = -38 + 36. Let w be (-9)/c*4/(-6) + 30. Let j be x(w). What is the highest common factor of j and 50?
10
Suppose 40*b - 13*b = 29318 + 4135. What is the highest common divisor of b and 1416?
177
Suppose 2*v - 38 = -4*x, -5*v - 2*x = 2*x - 89. Suppose v*n - 8*n - 1872 = 0. Calculate the greatest common divisor of 16 and n.
16
Suppose 9*q - 1244 = 268. Let a(c) = -11*c + 3. Let w be a(-1). Calculate the greatest common divisor of q and w.
14
Let z = -1 + 3. Let t(q) = 48*q - 1. Let d be t(z). Let g = -7435 + 7454. Calculate the highest common factor of g and d.
19
Suppose t + 17*b = 13*b + 8, 0 = -2*t - b + 44. Suppose 0 = 7*u + 23 - 583. What is the highest common divisor of u and t?
8
Let n = -575 + 579. Suppose -n*v + 82 = -3*u, -14*u + 10*u = 5*v - 118. What is the highest common divisor of v and 11?
11
Suppose -342 = -5*h + 668. Let l = h - 192. What is the highest common factor of 40 and l?
10
Let t = -111 + 61. Let f = t + 142. Suppose -h - 1 = -3*n + 90, 0 = 3*n - 2*h - f. Calculate the highest common factor of 60 and n.
30
Let u = 1096 - 466. Suppose 5*i + u = -5*o, 0*o + 4*o + 500 = -5*i. Let d be o/2*(-36)/60. What is the highest common divisor of d and 78?
39
Let p = -16805 + 24431. What is the greatest common divisor of p and 31?
31
Let x = 82332 + -82171. Let d(n) = 4*n**2 + 4*n - 1. Let j be d(-3). Calculate the greatest common divisor of x and j.
23
Suppose -109*r = -187*r + 27848 + 45082. Calculate the highest common factor of 374 and r.
187
Let s(l) = -84*l**2 - 26*l - 2. Let y be s(-2). Let p = y - -448. Calculate the highest common divisor of 18 and p.
18
Let i be (0 + 412/6)/(3/(-9)). Let n = 257 + i. What is the greatest common divisor of n and 306?
51
Let s(h) = h**3 - 26*h**2 + 23*h + 53. Let g be s(25). Suppose -5*t - 194 = -4*a + 51, -3*t - g = 0. What is the greatest common factor of a and 150?
30
Suppose 0 = 4*q + 4*o - 1960, -4*q - 90*o + 85*o = -1960. Calculate the highest common factor of 28 and q.
14
Suppose 8*v - 23 = 17. Suppose 0 = v*l - 525 - 735. Calculate the highest common divisor of 108 and l.
36
Suppose 0 = 376*i + 194542 - 1836910. What is the highest common divisor of 3 and i?
3
Suppose 8*b - 10*b = -12. Suppose -2*u + 92 = -4*v, -5*u + 3*v + 191 = b*v. Calculate the highest common divisor of u and 320.
40
Suppose 0 = 20*z + 154 - 1974. What is the greatest common divisor of z and 715?
13
Suppose 4*f - 8 = h, -14*f + 16*f = 4*h + 18. What is the highest common factor of 340 and f?
1
Let t = -2179 + 3996. Calculate the greatest common divisor of 158 and t.
79
Suppose -170 = -f + 4*s, 3*f = f - 3*s + 285. Let o = -8871 + 8877. Calculate the greatest common divisor of f and o.
6
Suppose 0 = -3*t - 3*s + 2487, -17*s = -15*s + 6. Let u = 174 + -122. What is the highest common divisor of u and t?
52
Let l = 21162 + -20263. What is the greatest common divisor of l and 1334?
29
Suppose -135*f = -1732 - 1238. Suppose -5*q = -y + 1 - 4, -5*y + q + 9 = 0. What is the highest common factor of f and y?
2
Let b(l) = -l**3 + 2*l + 84. Let h = 95 - 95. Let r be b(h). Calculate the greatest common factor of 24 and r.
12
Let g be 10/(-4)*36/27*(-25 - 68). What is the highest common factor of 1054 and g?
62
Let l be 8/(40/(-45)) + 3765 + 14. Calculate the greatest common factor of 455 and l.
65
Let u be 1476492/738 + (-2)/3*1. Calculate the highest common factor of 32 and u.
16
Let g = 2887 + -2